{"id":4156,"date":"2021-04-20T16:44:33","date_gmt":"2021-04-20T14:44:33","guid":{"rendered":"http:\/\/dance-fun.ch\/?page_id=4156"},"modified":"2021-04-20T16:45:18","modified_gmt":"2021-04-20T14:45:18","slug":"impressum","status":"publish","type":"page","link":"https:\/\/dance-fun.ch\/?page_id=4156","title":{"rendered":"Impressum"},"content":{"rendered":"\t\t<div data-elementor-type=\"wp-page\" data-elementor-id=\"4156\" class=\"elementor elementor-4156\">\n\t\t\t\t\t\t<section class=\"elementor-section elementor-top-section elementor-element elementor-element-7bf00d5e elementor-section-boxed elementor-section-height-default elementor-section-height-default\" data-id=\"7bf00d5e\" data-element_type=\"section\" data-settings=\"{&quot;background_background&quot;:&quot;classic&quot;}\">\n\t\t\t\t\t\t<div class=\"elementor-container elementor-column-gap-default\">\n\t\t\t\t\t<div class=\"aux-parallax-section elementor-column elementor-col-100 elementor-top-column elementor-element elementor-element-3334a9e8\" data-id=\"3334a9e8\" data-element_type=\"column\">\n\t\t\t<div class=\"elementor-widget-wrap elementor-element-populated\">\n\t\t\t\t\t\t<div class=\"elementor-element elementor-element-44b79053 elementor-widget elementor-widget-heading\" data-id=\"44b79053\" data-element_type=\"widget\" data-widget_type=\"heading.default\">\n\t\t\t\t<div class=\"elementor-widget-container\">\n\t\t\t\t\t<h2 class=\"elementor-heading-title elementor-size-default\">Impressum<\/h2>\t\t\t\t<\/div>\n\t\t\t\t<\/div>\n\t\t\t\t\t<\/div>\n\t\t<\/div>\n\t\t\t\t\t<\/div>\n\t\t<\/section>\n\t\t\t\t<section class=\"elementor-section elementor-top-section elementor-element elementor-element-666d6eb0 elementor-section-boxed elementor-section-height-default elementor-section-height-default\" data-id=\"666d6eb0\" data-element_type=\"section\">\n\t\t\t\t\t\t<div class=\"elementor-container elementor-column-gap-default\">\n\t\t\t\t\t<div class=\"aux-parallax-section elementor-column elementor-col-100 elementor-top-column elementor-element elementor-element-63dc67a5\" data-id=\"63dc67a5\" data-element_type=\"column\">\n\t\t\t<div class=\"elementor-widget-wrap elementor-element-populated\">\n\t\t\t\t\t\t<div class=\"elementor-element elementor-element-3050ef4e elementor-widget elementor-widget-aux_text\" data-id=\"3050ef4e\" data-element_type=\"widget\" data-widget_type=\"aux_text.default\">\n\t\t\t\t<div class=\"elementor-widget-container\">\n\t\t\t\t\t<section class=\"widget-container aux-widget-text aux-parent-au66389883\">        <div class=\"aux-widget-advanced-text aux-wrap-style-simple aux-ico-pos- aux-text-center aux-text-resp- aux-text-color-dark aux-text-widget-bg-center  \" >\n        \n            \n            <div class=\"aux-text-inner aux-text-widget-content\">\n                                <h4 class=\"col-title\">Dance Fun<\/h4>\n                                <div class=\"widget-content\">\n                                        <p>Sonja Lombrsier<br \/>Via Bual 5<br \/>7130 Ilanz<\/p>                <\/div>\n                            <\/div>\n        <\/div>\n                    <div class=\"aux-text-widget-footer\">\n                <div class=\"aux-border-shape-none \">\n                                <\/div>\n            <\/div>\n        \n<\/section><!-- widget-container -->\t\t\t\t<\/div>\n\t\t\t\t<\/div>\n\t\t\t\t\t<\/div>\n\t\t<\/div>\n\t\t\t\t\t<\/div>\n\t\t<\/section>\n\t\t\t\t<section class=\"elementor-section elementor-top-section elementor-element elementor-element-3808c54b elementor-section-boxed elementor-section-height-default elementor-section-height-default\" data-id=\"3808c54b\" data-element_type=\"section\">\n\t\t\t\t\t\t<div class=\"elementor-container elementor-column-gap-default\">\n\t\t\t\t\t<div class=\"aux-parallax-section elementor-column elementor-col-100 elementor-top-column elementor-element elementor-element-551c254c\" data-id=\"551c254c\" data-element_type=\"column\">\n\t\t\t<div class=\"elementor-widget-wrap elementor-element-populated\">\n\t\t\t\t\t\t<div class=\"elementor-element elementor-element-2a71be39 elementor-widget elementor-widget-heading\" data-id=\"2a71be39\" data-element_type=\"widget\" data-widget_type=\"heading.default\">\n\t\t\t\t<div class=\"elementor-widget-container\">\n\t\t\t\t\t<h2 class=\"elementor-heading-title elementor-size-default\">Hinweis<\/h2>\t\t\t\t<\/div>\n\t\t\t\t<\/div>\n\t\t\t\t\t<\/div>\n\t\t<\/div>\n\t\t\t\t\t<\/div>\n\t\t<\/section>\n\t\t\t\t<section class=\"elementor-section elementor-top-section elementor-element elementor-element-21d850f5 elementor-section-boxed elementor-section-height-default elementor-section-height-default\" data-id=\"21d850f5\" data-element_type=\"section\">\n\t\t\t\t\t\t<div class=\"elementor-container elementor-column-gap-default\">\n\t\t\t\t\t<div class=\"aux-parallax-section elementor-column elementor-col-100 elementor-top-column elementor-element elementor-element-39d551a2\" data-id=\"39d551a2\" data-element_type=\"column\">\n\t\t\t<div class=\"elementor-widget-wrap elementor-element-populated\">\n\t\t\t\t\t\t<div class=\"elementor-element elementor-element-7404478f elementor-widget elementor-widget-text-editor\" data-id=\"7404478f\" data-element_type=\"widget\" data-widget_type=\"text-editor.default\">\n\t\t\t\t<div class=\"elementor-widget-container\">\n\t\t\t\t\t\t\t\t\t<p>Diese Website benutzt Google Analytics, einen Webanalysedienst der Google Inc. (\u201eGoogle\u201c).<\/p><p>Google Analytics verwendet sog. \u201eCookies\u201c, Textdateien, die auf Ihrem Computer gespeichert werden und die eine Analyse der Benutzung der Website durch Sie erm\u00f6glicht. Die durch den Cookie erzeugten Informationen \u00fcber Ihre Benutzung diese Website (einschlie\u00dflich Ihrer IP-Adresse) wird an einen Server von Google in den USA \u00fcbertragen und dort gespeichert. Google wird diese Informationen benutzen, um Ihre Nutzung der Website auszuwerten, um Reports \u00fcber die Websiteaktivit\u00e4ten f\u00fcr die Websitebetreiber zusammenzustellen und um weitere mit der Websitenutzung und der Internetnutzung verbundene Dienstleistungen zu erbringen. Auch wird Google diese Informationen gegebenenfalls an Dritte \u00fcbertragen, sofern dies gesetzlich vorgeschrieben oder soweit Dritte diese Daten im Auftrag von Google verarbeiten.<\/p><p>Google wird in keinem Fall Ihre IP-Adresse mit anderen Daten der Google in Verbindung bringen. Sie k\u00f6nnen die Installation der Cookies durch eine entsprechende Einstellung Ihrer Browser Software verhindern; wir weisen Sie jedoch darauf hin, dass Sie in diesem Fall gegebenenfalls nicht s\u00e4mtliche Funktionen dieser Website voll umf\u00e4nglich nutzen k\u00f6nnen. Durch die Nutzung dieser Website erkl\u00e4ren Sie sich mit der Bearbeitung der \u00fcber Sie erhobenen Daten durch Google in der zuvor beschriebenen Art und Weise und zu dem zuvor benannten Zweck einverstanden.<\/p>\t\t\t\t\t\t\t\t<\/div>\n\t\t\t\t<\/div>\n\t\t\t\t\t<\/div>\n\t\t<\/div>\n\t\t\t\t\t<\/div>\n\t\t<\/section>\n\t\t\t\t<\/div>\n\t\t","protected":false},"excerpt":{"rendered":"<p>Impressum Dance Fun Sonja LombrsierVia Bual 57130 Ilanz Hinweis Diese Website benutzt Google Analytics, einen Webanalysedienst der Google Inc. (\u201eGoogle\u201c). Google Analytics verwendet sog. \u201eCookies\u201c, Textdateien, die auf Ihrem Computer gespeichert werden und die eine Analyse der Benutzung der Website durch Sie erm\u00f6glicht. Die durch den Cookie erzeugten Informationen \u00fcber Ihre Benutzung diese Website (einschlie\u00dflich [&hellip;]<\/p>\n","protected":false},"author":2,"featured_media":0,"parent":0,"menu_order":0,"comment_status":"closed","ping_status":"closed","template":"","meta":{"footnotes":""},"yoast_head":"<!-- This site is optimized with the Yoast SEO plugin v22.4 - https:\/\/yoast.com\/wordpress\/plugins\/seo\/ -->\n<title>Impressum - Dance Fun<\/title>\n<meta name=\"robots\" content=\"index, follow, max-snippet:-1, max-image-preview:large, max-video-preview:-1\" \/>\n<link rel=\"canonical\" href=\"http:\/\/dance-fun.ch\/?page_id=4156\" \/>\n<meta property=\"og:locale\" content=\"de_DE\" \/>\n<meta property=\"og:type\" content=\"article\" \/>\n<meta property=\"og:title\" content=\"Impressum - Dance Fun\" \/>\n<meta property=\"og:description\" content=\"Impressum Dance Fun Sonja LombrsierVia Bual 57130 Ilanz Hinweis Diese Website benutzt Google Analytics, einen Webanalysedienst der Google Inc. (\u201eGoogle\u201c). Google Analytics verwendet sog. \u201eCookies\u201c, Textdateien, die auf Ihrem Computer gespeichert werden und die eine Analyse der Benutzung der Website durch Sie erm\u00f6glicht. Die durch den Cookie erzeugten Informationen \u00fcber Ihre Benutzung diese Website (einschlie\u00dflich [&hellip;]\" \/>\n<meta property=\"og:url\" content=\"http:\/\/dance-fun.ch\/?page_id=4156\" \/>\n<meta property=\"og:site_name\" content=\"Dance Fun\" \/>\n<meta property=\"article:modified_time\" content=\"2021-04-20T14:45:18+00:00\" \/>\n<meta name=\"twitter:label1\" content=\"Gesch\u00e4tzte Lesezeit\" \/>\n\t<meta name=\"twitter:data1\" content=\"1 Minute\" \/>\n<script type=\"application\/ld+json\" class=\"yoast-schema-graph\">{\"@context\":\"https:\/\/schema.org\",\"@graph\":[{\"@type\":\"WebPage\",\"@id\":\"http:\/\/dance-fun.ch\/?page_id=4156\",\"url\":\"http:\/\/dance-fun.ch\/?page_id=4156\",\"name\":\"Impressum - Dance Fun\",\"isPartOf\":{\"@id\":\"http:\/\/dance-fun.ch\/#website\"},\"datePublished\":\"2021-04-20T14:44:33+00:00\",\"dateModified\":\"2021-04-20T14:45:18+00:00\",\"breadcrumb\":{\"@id\":\"http:\/\/dance-fun.ch\/?page_id=4156#breadcrumb\"},\"inLanguage\":\"de-DE\",\"potentialAction\":[{\"@type\":\"ReadAction\",\"target\":[\"http:\/\/dance-fun.ch\/?page_id=4156\"]}]},{\"@type\":\"BreadcrumbList\",\"@id\":\"http:\/\/dance-fun.ch\/?page_id=4156#breadcrumb\",\"itemListElement\":[{\"@type\":\"ListItem\",\"position\":1,\"name\":\"Home\",\"item\":\"https:\/\/dance-fun.ch\/\"},{\"@type\":\"ListItem\",\"position\":2,\"name\":\"Impressum\"}]},{\"@type\":\"WebSite\",\"@id\":\"http:\/\/dance-fun.ch\/#website\",\"url\":\"http:\/\/dance-fun.ch\/\",\"name\":\"Dance Fun\",\"description\":\"HipHop, Streetdance und Breakdance, Zumba\u00ae, fitdankbaby\u00ae und FiMiX dance &amp; fitness\",\"publisher\":{\"@id\":\"http:\/\/dance-fun.ch\/#organization\"},\"potentialAction\":[{\"@type\":\"SearchAction\",\"target\":{\"@type\":\"EntryPoint\",\"urlTemplate\":\"http:\/\/dance-fun.ch\/?s={search_term_string}\"},\"query-input\":\"required name=search_term_string\"}],\"inLanguage\":\"de-DE\"},{\"@type\":\"Organization\",\"@id\":\"http:\/\/dance-fun.ch\/#organization\",\"name\":\"Dance Fun\",\"url\":\"http:\/\/dance-fun.ch\/\",\"logo\":{\"@type\":\"ImageObject\",\"inLanguage\":\"de-DE\",\"@id\":\"http:\/\/dance-fun.ch\/#\/schema\/logo\/image\/\",\"url\":\"https:\/\/dance-fun.ch\/wp-content\/uploads\/2016\/06\/cropped-cropped-Dance-Fun.png\",\"contentUrl\":\"https:\/\/dance-fun.ch\/wp-content\/uploads\/2016\/06\/cropped-cropped-Dance-Fun.png\",\"width\":224,\"height\":224,\"caption\":\"Dance Fun\"},\"image\":{\"@id\":\"http:\/\/dance-fun.ch\/#\/schema\/logo\/image\/\"}}]}<\/script>\n<!-- \/ Yoast SEO plugin. -->","yoast_head_json":{"title":"Impressum - Dance Fun","robots":{"index":"index","follow":"follow","max-snippet":"max-snippet:-1","max-image-preview":"max-image-preview:large","max-video-preview":"max-video-preview:-1"},"canonical":"http:\/\/dance-fun.ch\/?page_id=4156","og_locale":"de_DE","og_type":"article","og_title":"Impressum - Dance Fun","og_description":"Impressum Dance Fun Sonja LombrsierVia Bual 57130 Ilanz Hinweis Diese Website benutzt Google Analytics, einen Webanalysedienst der Google Inc. (\u201eGoogle\u201c). Google Analytics verwendet sog. \u201eCookies\u201c, Textdateien, die auf Ihrem Computer gespeichert werden und die eine Analyse der Benutzung der Website durch Sie erm\u00f6glicht. Die durch den Cookie erzeugten Informationen \u00fcber Ihre Benutzung diese Website (einschlie\u00dflich [&hellip;]","og_url":"http:\/\/dance-fun.ch\/?page_id=4156","og_site_name":"Dance Fun","article_modified_time":"2021-04-20T14:45:18+00:00","twitter_misc":{"Gesch\u00e4tzte Lesezeit":"1 Minute"},"schema":{"@context":"https:\/\/schema.org","@graph":[{"@type":"WebPage","@id":"http:\/\/dance-fun.ch\/?page_id=4156","url":"http:\/\/dance-fun.ch\/?page_id=4156","name":"Impressum - Dance Fun","isPartOf":{"@id":"http:\/\/dance-fun.ch\/#website"},"datePublished":"2021-04-20T14:44:33+00:00","dateModified":"2021-04-20T14:45:18+00:00","breadcrumb":{"@id":"http:\/\/dance-fun.ch\/?page_id=4156#breadcrumb"},"inLanguage":"de-DE","potentialAction":[{"@type":"ReadAction","target":["http:\/\/dance-fun.ch\/?page_id=4156"]}]},{"@type":"BreadcrumbList","@id":"http:\/\/dance-fun.ch\/?page_id=4156#breadcrumb","itemListElement":[{"@type":"ListItem","position":1,"name":"Home","item":"https:\/\/dance-fun.ch\/"},{"@type":"ListItem","position":2,"name":"Impressum"}]},{"@type":"WebSite","@id":"http:\/\/dance-fun.ch\/#website","url":"http:\/\/dance-fun.ch\/","name":"Dance Fun","description":"HipHop, Streetdance und Breakdance, Zumba\u00ae, fitdankbaby\u00ae und FiMiX dance &amp; fitness","publisher":{"@id":"http:\/\/dance-fun.ch\/#organization"},"potentialAction":[{"@type":"SearchAction","target":{"@type":"EntryPoint","urlTemplate":"http:\/\/dance-fun.ch\/?s={search_term_string}"},"query-input":"required name=search_term_string"}],"inLanguage":"de-DE"},{"@type":"Organization","@id":"http:\/\/dance-fun.ch\/#organization","name":"Dance Fun","url":"http:\/\/dance-fun.ch\/","logo":{"@type":"ImageObject","inLanguage":"de-DE","@id":"http:\/\/dance-fun.ch\/#\/schema\/logo\/image\/","url":"https:\/\/dance-fun.ch\/wp-content\/uploads\/2016\/06\/cropped-cropped-Dance-Fun.png","contentUrl":"https:\/\/dance-fun.ch\/wp-content\/uploads\/2016\/06\/cropped-cropped-Dance-Fun.png","width":224,"height":224,"caption":"Dance Fun"},"image":{"@id":"http:\/\/dance-fun.ch\/#\/schema\/logo\/image\/"}}]}},"_links":{"self":[{"href":"https:\/\/dance-fun.ch\/index.php?rest_route=\/wp\/v2\/pages\/4156"}],"collection":[{"href":"https:\/\/dance-fun.ch\/index.php?rest_route=\/wp\/v2\/pages"}],"about":[{"href":"https:\/\/dance-fun.ch\/index.php?rest_route=\/wp\/v2\/types\/page"}],"author":[{"embeddable":true,"href":"https:\/\/dance-fun.ch\/index.php?rest_route=\/wp\/v2\/users\/2"}],"replies":[{"embeddable":true,"href":"https:\/\/dance-fun.ch\/index.php?rest_route=%2Fwp%2Fv2%2Fcomments&post=4156"}],"version-history":[{"count":4,"href":"https:\/\/dance-fun.ch\/index.php?rest_route=\/wp\/v2\/pages\/4156\/revisions"}],"predecessor-version":[{"id":4161,"href":"https:\/\/dance-fun.ch\/index.php?rest_route=\/wp\/v2\/pages\/4156\/revisions\/4161"}],"wp:attachment":[{"href":"https:\/\/dance-fun.ch\/index.php?rest_route=%2Fwp%2Fv2%2Fmedia&parent=4156"}],"curies":[{"name":"wp","href":"https:\/\/api.w.org\/{rel}","templated":true}]}}