{"id":2531,"date":"2018-06-20T20:40:54","date_gmt":"2018-06-20T18:40:54","guid":{"rendered":"http:\/\/www.dance-fun.ch\/?page_id=2531"},"modified":"2026-04-10T21:07:54","modified_gmt":"2026-04-10T19:07:54","slug":"dance-fun_neu","status":"publish","type":"page","link":"https:\/\/dance-fun.ch\/?page_id=2531","title":{"rendered":"Dance Fun"},"content":{"rendered":"\t\t<div data-elementor-type=\"wp-post\" data-elementor-id=\"2531\" class=\"elementor elementor-2531\">\n\t\t\t\t\t\t<section class=\"elementor-section elementor-top-section elementor-element elementor-element-4c63e6e0 elementor-section-content-middle elementor-section-height-min-height elementor-section-full_width elementor-section-height-default elementor-section-items-middle\" data-id=\"4c63e6e0\" data-element_type=\"section\" data-settings=\"{&quot;background_background&quot;:&quot;gradient&quot;}\">\n\t\t\t\t\t\t<div class=\"elementor-container elementor-column-gap-default\">\n\t\t\t\t\t<div class=\"aux-parallax-section elementor-column elementor-col-100 elementor-top-column elementor-element elementor-element-2f3550bd\" data-id=\"2f3550bd\" data-element_type=\"column\">\n\t\t\t<div class=\"elementor-widget-wrap elementor-element-populated\">\n\t\t\t\t\t\t<section class=\"elementor-section elementor-inner-section elementor-element elementor-element-7965ec1b elementor-section-content-middle elementor-section-boxed elementor-section-height-default elementor-section-height-default\" data-id=\"7965ec1b\" data-element_type=\"section\">\n\t\t\t\t\t\t<div class=\"elementor-container elementor-column-gap-default\">\n\t\t\t\t\t<div class=\"aux-parallax-section elementor-column elementor-col-100 elementor-inner-column elementor-element elementor-element-7fdc4ef9\" data-id=\"7fdc4ef9\" data-element_type=\"column\">\n\t\t\t<div class=\"elementor-widget-wrap elementor-element-populated\">\n\t\t\t\t\t\t<div class=\"elementor-element elementor-element-538860a3 aux-appear-watch-animation aux-fade-in elementor-widget elementor-widget-aux_image\" data-id=\"538860a3\" data-element_type=\"widget\" data-widget_type=\"aux_image.default\">\n\t\t\t\t<div class=\"elementor-widget-container\">\n\t\t\t\t\t<section class=\"widget-container aux-widget-image aux-alignnone aux-parent-auf64e7c01\">\n    <div class=\"aux-media-hint-frame \">\n        <div class=\"aux-media-image \" >\n        \n            \n\n            \n            <img fetchpriority=\"high\" decoding=\"async\" width=\"400\" height=\"252\" src=\"data:image\/gif;base64,R0lGODlhAQABAIAAAAAAAP\/\/\/yH5BAEAAAAALAAAAAABAAEAAAIBRAA7\" class=\"aux-attachment aux-featured-image aux-attachment-id-3437 aux-preload aux-blank\" alt=\"Repeat-Grid-3.png\" data-ratio=\"1\" data-original-w=\"400\" sizes=\"auto\" data-srcset=\"https:\/\/dance-fun.ch\/wp-content\/uploads\/2021\/04\/Repeat-Grid-3-150x150.png 150w,https:\/\/dance-fun.ch\/wp-content\/uploads\/2021\/04\/Repeat-Grid-3-300x252.png 300w,https:\/\/dance-fun.ch\/wp-content\/uploads\/2021\/04\/Repeat-Grid-3.png 400w\" data-src=\"https:\/\/dance-fun.ch\/wp-content\/uploads\/2021\/04\/Repeat-Grid-3.png\" \/>            \n                <\/div>\n    <\/div>\n\n<\/section><!-- widget-container -->\t\t\t\t<\/div>\n\t\t\t\t<\/div>\n\t\t\t\t<div class=\"elementor-element elementor-element-59ae5a6f aux-appear-watch-animation aux-fade-in-left-1 elementor-widget elementor-widget-aux_modern_heading\" data-id=\"59ae5a6f\" data-element_type=\"widget\" data-widget_type=\"aux_modern_heading.default\">\n\t\t\t\t<div class=\"elementor-widget-container\">\n\t\t\t\t\t<section class=\"aux-widget-modern-heading\">\n            <div class=\"aux-widget-inner\"><h2 class=\"aux-modern-heading-primary\">Dance Fun<\/h2><\/div>\n        <\/section>\t\t\t\t<\/div>\n\t\t\t\t<\/div>\n\t\t\t\t<div class=\"elementor-element elementor-element-31d84c54 aux-appear-watch-animation aux-fade-in elementor-widget elementor-widget-aux_image\" data-id=\"31d84c54\" data-element_type=\"widget\" data-widget_type=\"aux_image.default\">\n\t\t\t\t<div class=\"elementor-widget-container\">\n\t\t\t\t\t<section class=\"widget-container aux-widget-image aux-alignnone aux-parent-au9fcbcafe\">\n    <div class=\"aux-media-hint-frame \">\n        <div class=\"aux-media-image \" >\n        \n            \n\n            \n            <img decoding=\"async\" width=\"252\" height=\"400\" src=\"data:image\/gif;base64,R0lGODlhAQABAIAAAAAAAP\/\/\/yH5BAEAAAAALAAAAAABAAEAAAIBRAA7\" class=\"aux-attachment aux-featured-image aux-attachment-id-3438 aux-preload aux-blank\" alt=\"Repeat-Grid-4-1.png\" data-ratio=\"0.62\" data-original-w=\"252\" sizes=\"auto\" data-srcset=\"https:\/\/dance-fun.ch\/wp-content\/uploads\/2021\/04\/Repeat-Grid-4-1-150x244.png 150w,https:\/\/dance-fun.ch\/wp-content\/uploads\/2021\/04\/Repeat-Grid-4-1.png 252w\" data-src=\"https:\/\/dance-fun.ch\/wp-content\/uploads\/2021\/04\/Repeat-Grid-4-1.png\" \/>            \n                <\/div>\n    <\/div>\n\n<\/section><!-- widget-container -->\t\t\t\t<\/div>\n\t\t\t\t<\/div>\n\t\t\t\t\t<\/div>\n\t\t<\/div>\n\t\t\t\t\t<\/div>\n\t\t<\/section>\n\t\t\t\t\t<\/div>\n\t\t<\/div>\n\t\t\t\t\t<\/div>\n\t\t<\/section>\n\t\t\t\t<section class=\"elementor-section elementor-top-section elementor-element elementor-element-0cc186b elementor-section-content-middle elementor-section-stretched elementor-section-boxed elementor-section-height-default elementor-section-height-default\" data-id=\"0cc186b\" data-element_type=\"section\" data-settings=\"{&quot;stretch_section&quot;:&quot;section-stretched&quot;,&quot;background_background&quot;:&quot;classic&quot;}\">\n\t\t\t\t\t\t<div class=\"elementor-container elementor-column-gap-no\">\n\t\t\t\t\t<div class=\"aux-parallax-section elementor-column elementor-col-100 elementor-top-column elementor-element elementor-element-6549b97\" data-id=\"6549b97\" data-element_type=\"column\" data-settings=\"{&quot;background_background&quot;:&quot;classic&quot;}\">\n\t\t\t<div class=\"elementor-widget-wrap elementor-element-populated\">\n\t\t\t\t\t\t<section class=\"elementor-section elementor-inner-section elementor-element elementor-element-1c16bbb7 elementor-section-full_width elementor-section-height-default elementor-section-height-default\" data-id=\"1c16bbb7\" data-element_type=\"section\" data-settings=\"{&quot;background_background&quot;:&quot;classic&quot;}\">\n\t\t\t\t\t\t<div class=\"elementor-container elementor-column-gap-default\">\n\t\t\t\t\t<div class=\"aux-parallax-section elementor-column elementor-col-100 elementor-inner-column elementor-element elementor-element-49e0cf47\" data-id=\"49e0cf47\" data-element_type=\"column\" data-settings=\"{&quot;background_background&quot;:&quot;classic&quot;}\">\n\t\t\t<div class=\"elementor-widget-wrap elementor-element-populated\">\n\t\t\t\t\t\t<div class=\"elementor-element elementor-element-31dbe21a aux-appear-watch-animation aux-fade-in-right-1 elementor-widget elementor-widget-heading\" data-id=\"31dbe21a\" data-element_type=\"widget\" data-widget_type=\"heading.default\">\n\t\t\t\t<div class=\"elementor-widget-container\">\n\t\t\t\t\t<h2 class=\"elementor-heading-title elementor-size-default\">Abschied von Dance Fun <br>f\u00fcr Kinder &amp; Jugendliche<\/h2>\t\t\t\t<\/div>\n\t\t\t\t<\/div>\n\t\t\t\t<div class=\"elementor-element elementor-element-23a641ae elementor-widget elementor-widget-testimonial\" data-id=\"23a641ae\" data-element_type=\"widget\" data-widget_type=\"testimonial.default\">\n\t\t\t\t<div class=\"elementor-widget-container\">\n\t\t\t\t\t\t\t<div class=\"elementor-testimonial-wrapper\">\n\t\t\t\t\t\t\t<div class=\"elementor-testimonial-content\">Nach \u00fcber 22 wunderbaren Jahren habe ich entschieden, mit den Dance Fun Kursen f\u00fcr Kinder und Jugendliche aufzuh\u00f6ren.\n\nIn all diesen Jahren durfte ich unz\u00e4hlige Kinder und Jugendliche auf ihrem t\u00e4nzerischen Weg begleiten, viele sch\u00f6ne Momente erleben und gemeinsam wachsen. Daf\u00fcr bin ich von Herzen dankbar.\n\nEin besonderer Dank gilt allen Kindern, Eltern und nat\u00fcrlich auch meinem Team, die Dance Fun zu dem gemacht haben, was es heute ist.\n\nEs freut mich sehr, dass ein Teil des bisherigen Dance Fun Teams ein neues Angebot weiterf\u00fchren wird und somit das Tanzen in der Region weiterlebt.\n\nMeine Zumba- sowie FiMiX-\/Family-Kurse werde ich weiterhin mit Freude anbieten \u2013 diese starten wieder ab Herbst 2026.\n\nHerzlichen Dank f\u00fcr die langj\u00e4hrige Treue und das Vertrauen.\n\nSonja\n\n\n\n\n\n<\/div>\n\t\t\t\n\t\t\t\t\t<\/div>\n\t\t\t\t\t\t<\/div>\n\t\t\t\t<\/div>\n\t\t\t\t<div class=\"elementor-element elementor-element-4d4c281 elementor-widget elementor-widget-text-editor\" data-id=\"4d4c281\" data-element_type=\"widget\" data-widget_type=\"text-editor.default\">\n\t\t\t\t<div class=\"elementor-widget-container\">\n\t\t\t\t\t\t\t\t\t<p style=\"text-align: center;\">Ab 5. Mai 2025<\/p><p style=\"text-align: center;\">5x<\/p><p style=\"text-align: center;\">am Montag<\/p><p>13:30 bis 14:20 Uhr<\/p>\t\t\t\t\t\t\t\t<\/div>\n\t\t\t\t<\/div>\n\t\t\t\t\t<\/div>\n\t\t<\/div>\n\t\t\t\t\t<\/div>\n\t\t<\/section>\n\t\t\t\t\t<\/div>\n\t\t<\/div>\n\t\t\t\t\t<\/div>\n\t\t<\/section>\n\t\t\t\t<section class=\"elementor-section elementor-top-section elementor-element elementor-element-44644fca elementor-section-full_width elementor-section-stretched elementor-section-height-default elementor-section-height-default\" data-id=\"44644fca\" data-element_type=\"section\" data-settings=\"{&quot;stretch_section&quot;:&quot;section-stretched&quot;}\">\n\t\t\t\t\t\t<div class=\"elementor-container elementor-column-gap-default\">\n\t\t\t\t\t<div class=\"aux-parallax-section elementor-column elementor-col-100 elementor-top-column elementor-element elementor-element-1a629bb8\" data-id=\"1a629bb8\" data-element_type=\"column\">\n\t\t\t<div class=\"elementor-widget-wrap\">\n\t\t\t\t\t\t\t<\/div>\n\t\t<\/div>\n\t\t\t\t\t<\/div>\n\t\t<\/section>\n\t\t\t\t<\/div>\n\t\t","protected":false},"excerpt":{"rendered":"<p>Dance Fun Abschied von Dance Fun f\u00fcr Kinder &amp; Jugendliche Nach \u00fcber 22 wunderbaren Jahren habe ich entschieden, mit den Dance Fun Kursen f\u00fcr Kinder und Jugendliche aufzuh\u00f6ren. In all diesen Jahren durfte ich unz\u00e4hlige Kinder und Jugendliche auf ihrem t\u00e4nzerischen Weg begleiten, viele sch\u00f6ne Momente erleben und gemeinsam wachsen. Daf\u00fcr bin ich von Herzen [&hellip;]<\/p>\n","protected":false},"author":2,"featured_media":0,"parent":0,"menu_order":0,"comment_status":"closed","ping_status":"closed","template":"","meta":{"footnotes":""},"yoast_head":"<!-- This site is optimized with the Yoast SEO plugin v22.4 - https:\/\/yoast.com\/wordpress\/plugins\/seo\/ -->\n<title>Dance Fun - Dance Fun<\/title>\n<meta name=\"robots\" content=\"index, follow, max-snippet:-1, max-image-preview:large, max-video-preview:-1\" \/>\n<link rel=\"canonical\" href=\"https:\/\/dance-fun.ch\/?page_id=2531\" \/>\n<meta property=\"og:locale\" content=\"de_DE\" \/>\n<meta property=\"og:type\" content=\"article\" \/>\n<meta property=\"og:title\" content=\"Dance Fun - Dance Fun\" \/>\n<meta property=\"og:description\" content=\"Dance Fun Abschied von Dance Fun f\u00fcr Kinder &amp; Jugendliche Nach \u00fcber 22 wunderbaren Jahren habe ich entschieden, mit den Dance Fun Kursen f\u00fcr Kinder und Jugendliche aufzuh\u00f6ren. In all diesen Jahren durfte ich unz\u00e4hlige Kinder und Jugendliche auf ihrem t\u00e4nzerischen Weg begleiten, viele sch\u00f6ne Momente erleben und gemeinsam wachsen. Daf\u00fcr bin ich von Herzen [&hellip;]\" \/>\n<meta property=\"og:url\" content=\"https:\/\/dance-fun.ch\/?page_id=2531\" \/>\n<meta property=\"og:site_name\" content=\"Dance Fun\" \/>\n<meta property=\"article:modified_time\" content=\"2026-04-10T19:07:54+00:00\" \/>\n<meta name=\"twitter:label1\" content=\"Gesch\u00e4tzte Lesezeit\" \/>\n\t<meta name=\"twitter:data1\" content=\"2 Minuten\" \/>\n<script type=\"application\/ld+json\" class=\"yoast-schema-graph\">{\"@context\":\"https:\/\/schema.org\",\"@graph\":[{\"@type\":\"WebPage\",\"@id\":\"https:\/\/dance-fun.ch\/?page_id=2531\",\"url\":\"https:\/\/dance-fun.ch\/?page_id=2531\",\"name\":\"Dance Fun - Dance Fun\",\"isPartOf\":{\"@id\":\"http:\/\/dance-fun.ch\/#website\"},\"datePublished\":\"2018-06-20T18:40:54+00:00\",\"dateModified\":\"2026-04-10T19:07:54+00:00\",\"breadcrumb\":{\"@id\":\"https:\/\/dance-fun.ch\/?page_id=2531#breadcrumb\"},\"inLanguage\":\"de-DE\",\"potentialAction\":[{\"@type\":\"ReadAction\",\"target\":[\"https:\/\/dance-fun.ch\/?page_id=2531\"]}]},{\"@type\":\"BreadcrumbList\",\"@id\":\"https:\/\/dance-fun.ch\/?page_id=2531#breadcrumb\",\"itemListElement\":[{\"@type\":\"ListItem\",\"position\":1,\"name\":\"Home\",\"item\":\"https:\/\/dance-fun.ch\/\"},{\"@type\":\"ListItem\",\"position\":2,\"name\":\"Dance Fun\"}]},{\"@type\":\"WebSite\",\"@id\":\"http:\/\/dance-fun.ch\/#website\",\"url\":\"http:\/\/dance-fun.ch\/\",\"name\":\"Dance Fun\",\"description\":\"HipHop, Streetdance und Breakdance, Zumba\u00ae, fitdankbaby\u00ae und FiMiX dance &amp; fitness\",\"publisher\":{\"@id\":\"http:\/\/dance-fun.ch\/#organization\"},\"potentialAction\":[{\"@type\":\"SearchAction\",\"target\":{\"@type\":\"EntryPoint\",\"urlTemplate\":\"http:\/\/dance-fun.ch\/?s={search_term_string}\"},\"query-input\":\"required name=search_term_string\"}],\"inLanguage\":\"de-DE\"},{\"@type\":\"Organization\",\"@id\":\"http:\/\/dance-fun.ch\/#organization\",\"name\":\"Dance Fun\",\"url\":\"http:\/\/dance-fun.ch\/\",\"logo\":{\"@type\":\"ImageObject\",\"inLanguage\":\"de-DE\",\"@id\":\"http:\/\/dance-fun.ch\/#\/schema\/logo\/image\/\",\"url\":\"https:\/\/dance-fun.ch\/wp-content\/uploads\/2016\/06\/cropped-cropped-Dance-Fun.png\",\"contentUrl\":\"https:\/\/dance-fun.ch\/wp-content\/uploads\/2016\/06\/cropped-cropped-Dance-Fun.png\",\"width\":224,\"height\":224,\"caption\":\"Dance Fun\"},\"image\":{\"@id\":\"http:\/\/dance-fun.ch\/#\/schema\/logo\/image\/\"}}]}<\/script>\n<!-- \/ Yoast SEO plugin. -->","yoast_head_json":{"title":"Dance Fun - Dance Fun","robots":{"index":"index","follow":"follow","max-snippet":"max-snippet:-1","max-image-preview":"max-image-preview:large","max-video-preview":"max-video-preview:-1"},"canonical":"https:\/\/dance-fun.ch\/?page_id=2531","og_locale":"de_DE","og_type":"article","og_title":"Dance Fun - Dance Fun","og_description":"Dance Fun Abschied von Dance Fun f\u00fcr Kinder &amp; Jugendliche Nach \u00fcber 22 wunderbaren Jahren habe ich entschieden, mit den Dance Fun Kursen f\u00fcr Kinder und Jugendliche aufzuh\u00f6ren. In all diesen Jahren durfte ich unz\u00e4hlige Kinder und Jugendliche auf ihrem t\u00e4nzerischen Weg begleiten, viele sch\u00f6ne Momente erleben und gemeinsam wachsen. Daf\u00fcr bin ich von Herzen [&hellip;]","og_url":"https:\/\/dance-fun.ch\/?page_id=2531","og_site_name":"Dance Fun","article_modified_time":"2026-04-10T19:07:54+00:00","twitter_misc":{"Gesch\u00e4tzte Lesezeit":"2 Minuten"},"schema":{"@context":"https:\/\/schema.org","@graph":[{"@type":"WebPage","@id":"https:\/\/dance-fun.ch\/?page_id=2531","url":"https:\/\/dance-fun.ch\/?page_id=2531","name":"Dance Fun - Dance Fun","isPartOf":{"@id":"http:\/\/dance-fun.ch\/#website"},"datePublished":"2018-06-20T18:40:54+00:00","dateModified":"2026-04-10T19:07:54+00:00","breadcrumb":{"@id":"https:\/\/dance-fun.ch\/?page_id=2531#breadcrumb"},"inLanguage":"de-DE","potentialAction":[{"@type":"ReadAction","target":["https:\/\/dance-fun.ch\/?page_id=2531"]}]},{"@type":"BreadcrumbList","@id":"https:\/\/dance-fun.ch\/?page_id=2531#breadcrumb","itemListElement":[{"@type":"ListItem","position":1,"name":"Home","item":"https:\/\/dance-fun.ch\/"},{"@type":"ListItem","position":2,"name":"Dance Fun"}]},{"@type":"WebSite","@id":"http:\/\/dance-fun.ch\/#website","url":"http:\/\/dance-fun.ch\/","name":"Dance Fun","description":"HipHop, Streetdance und Breakdance, Zumba\u00ae, fitdankbaby\u00ae und FiMiX dance &amp; fitness","publisher":{"@id":"http:\/\/dance-fun.ch\/#organization"},"potentialAction":[{"@type":"SearchAction","target":{"@type":"EntryPoint","urlTemplate":"http:\/\/dance-fun.ch\/?s={search_term_string}"},"query-input":"required name=search_term_string"}],"inLanguage":"de-DE"},{"@type":"Organization","@id":"http:\/\/dance-fun.ch\/#organization","name":"Dance Fun","url":"http:\/\/dance-fun.ch\/","logo":{"@type":"ImageObject","inLanguage":"de-DE","@id":"http:\/\/dance-fun.ch\/#\/schema\/logo\/image\/","url":"https:\/\/dance-fun.ch\/wp-content\/uploads\/2016\/06\/cropped-cropped-Dance-Fun.png","contentUrl":"https:\/\/dance-fun.ch\/wp-content\/uploads\/2016\/06\/cropped-cropped-Dance-Fun.png","width":224,"height":224,"caption":"Dance Fun"},"image":{"@id":"http:\/\/dance-fun.ch\/#\/schema\/logo\/image\/"}}]}},"_links":{"self":[{"href":"https:\/\/dance-fun.ch\/index.php?rest_route=\/wp\/v2\/pages\/2531"}],"collection":[{"href":"https:\/\/dance-fun.ch\/index.php?rest_route=\/wp\/v2\/pages"}],"about":[{"href":"https:\/\/dance-fun.ch\/index.php?rest_route=\/wp\/v2\/types\/page"}],"author":[{"embeddable":true,"href":"https:\/\/dance-fun.ch\/index.php?rest_route=\/wp\/v2\/users\/2"}],"replies":[{"embeddable":true,"href":"https:\/\/dance-fun.ch\/index.php?rest_route=%2Fwp%2Fv2%2Fcomments&post=2531"}],"version-history":[{"count":995,"href":"https:\/\/dance-fun.ch\/index.php?rest_route=\/wp\/v2\/pages\/2531\/revisions"}],"predecessor-version":[{"id":6637,"href":"https:\/\/dance-fun.ch\/index.php?rest_route=\/wp\/v2\/pages\/2531\/revisions\/6637"}],"wp:attachment":[{"href":"https:\/\/dance-fun.ch\/index.php?rest_route=%2Fwp%2Fv2%2Fmedia&parent=2531"}],"curies":[{"name":"wp","href":"https:\/\/api.w.org\/{rel}","templated":true}]}}